(j). Give h(0).
2
Let h(y) be the first derivative of 2*y**3/3 + 24*y**2 - 53*y - 1072. Calculate h(-25).
-3
Let p be (-13)/3 - 18/27 - 35/(-7). Let d(k) = k**3 + k**2 - k - 20. Give d(p).
-20
Suppose k - 4*k - 5 = -2*c, -5*c + 50 = 5*k. Let p(m) = m**3 - 9*m**2 + 4*m - 6. Let w(s) = s**2 - s. Let x(q) = p(q) + 2*w(q). Calculate x(c).
8
Let z = 215 + -220. Let x be (12/(-48))/((15/36)/z). Let w(y) = -y + 8. Determine w(x).
5
Let u(w) = w**2 - 6*w + 9. Let n(y) = -4*y**2 + 24*y - 37. Let a(q) = 2*n(q) + 9*u(q). Let b(s) = -s**3 - 26*s**2 - 89*s - 16. Let p be b(-22). Calculate a(p).
7
Let f(p) be the third derivative of p**6/120 + 11*p**5/60 - p**4/12 - 5*p**3 - 2687*p**2. Determine f(-11).
-8
Let x = 48 + -34. Let l(i) = -3*i**3 + 53*i**2 - 13*i + 13. Let r(s) = -s**3 + 19*s**2 + s - 1. Let y(m) = l(m) - 2*r(m). What is y(x)?
1
Let b(k) be the first derivative of -k**3/3 - 15*k**2/2 + 74*k - 400. Calculate b(-19).
-2
Let a(z) = 5*z - 5 + 2242*z**2 - 1155*z**2 + 2 - 1088*z**2. Let g = -11 - -15. What is a(g)?
1
Let z(o) be the third derivative of -o**4/2 - o**3/2 - 3651*o**2. Give z(5).
-63
Suppose 0*o + 4*o + x + 6 = 0, x = -2. Let z(g) be the third derivative of -19*g**6/120 + g**5/60 + g**4/12 + g**3/6 + 57*g**2. Calculate z(o).
19
Suppose 42*z = -3*k + 35*z + 52, 5*k + 30 = 5*z. Let p(y) = 14*y**2 - 2. Give p(k).
12
Let o(j) = 47*j - 143. Suppose 472*x - 981 = 145*x. What is o(x)?
-2
Let c be (-170 + 8)/(-6)*(-2)/6. Let n be (1/3)/(1/33). Let f(a) = -9 - a - 3 + n. What is f(c)?
8
Suppose r - 44 = -3*o, 4*r + 5*o - 190 = -0*r. Let s(v) = 1 + v + r*v**2 + 48*v**2 - 99*v**2. Suppose 3 = 3*a - 3. What is s(a)?
-1
Let z(u) = -u**2 + 6*u + 8. Let p = 113 + -35. Let k = p - 71. Determine z(k).
1
Suppose -6 = -9*g + 12. Let n(o) = 4 - 5 + o**3 - 2*o**g - 2*o**2 + 2 - 2. Determine n(3).
-10
Let d = 17376 + -17390. Let z(l) = l**2 + 12*l - 37. What is z(d)?
-9
Let h = -69371 - -69368. Let v(g) be the second derivative of -3*g**5/40 - g**4/6 - g**3/3 - g. Let d(k) be the second derivative of v(k). What is d(h)?
23
Let t(x) be the first derivative of x**5/20 - 5*x**4/4 + 7*x**3/3 + 3*x**2/2 - 61*x - 40. Let h(y) be the first derivative of t(y). What is h(14)?
3
Let h(q) = 3 - q - 2*q**2 - 3*q + q**2. Let u be (-1)/((-10)/64)*-10. Let j = -68 - u. What is h(j)?
3
Let d be ((75/(-20))/1)/((-4)/(-16)). Let t(v) = -15*v - 226. Let g be t(d). Let a(s) = 10*s**3 - 2*s**2 - s. Calculate a(g).
-11
Suppose -2*k - 15*u = -11*u - 2, -3*k = -u - 3. Let f(r) = 12*r**3 - r + 2. Calculate f(k).
13
Let s(p) be the first derivative of -19*p**5/20 + p**4/6 + p**3/6 - 68*p - 5. Let i(b) be the first derivative of s(b). Calculate i(-1).
20
Let t = -191 - -193. Let m(y) = 1461*y - 1461*y + y**t. Determine m(-4).
16
Let z = -4362 - -4362. Let c(s) be the third derivative of 0 + 5/6*s**3 + z*s**4 + 0*s - 14*s**2 + 1/60*s**5 + 1/120*s**6. Calculate c(0).
5
Let h(g) be the first derivative of -g**3/3 + 4*g**2 + 3*g + 4918. Let r(k) = k**3 + 3*k**2 - 6*k - 2. Let l be r(-4). Determine h(l).
15
Let w(c) be the third derivative of -7*c**4/24 - 91*c**3/6 - 2724*c**2. Give w(-21).
56
Let x(j) = 2*j + 69. Suppose -2*r + 32 = -2*d, -d - 4*r + 15 - 41 = 0. Give x(d).
33
Let r(x) be the second derivative of -x**4/12 + 5*x**3/6 + 2*x**2 + 4*x. Let i be r(4). Suppose i*a - 9*a = -3. Let k(t) = 3*t + 1. Calculate k(a).
10
Let a(r) = 89*r - 237. Let x(j) = 45*j - 118. Let v(l) = -4*a(l) + 7*x(l). Let f be v(3). Let z(b) = 5*b + 1. Determine z(f).
-4
Let f(m) = -m - 5. Let c(k) = -k**3 - 29*k**2 + 97*k + 31. Let x be c(-32). Let v(b) = -71*b**2 + 74*b**2 + 9*b**3 + b - b - 2. Let w be v(x). Determine f(w).
3
Let m = -1858 - -1861. Let y(f) be the first derivative of -f - 22 + 2/3*f**m + 1/2*f**2. Calculate y(-3).
14
Let v be 2/6 - 8/(-3). Let o(t) = 4*t - 3*t**v + 2*t**3 + 0 - 3*t**2 + 1. Let r be 66/(-14) + 2/(-8)*620/(-217). Give o(r).
1
Let t(x) be the third derivative of -x**5/60 + x**4 - 3*x**3 - 1497*x**2 + 2*x. Determine t(24).
-18
Let p be (-14)/(-16 - -2)*3/((-6)/(-44)). Let v(f) = 6*f - 123. Determine v(p).
9
Let r(f) be the third derivative of -f**5/20 + 85*f**4/24 - 17*f**3/3 + 4*f**2 + 184. Give r(28).
-6
Suppose 3*n - 4 = 11, 2*n - 10 = -d. Suppose 0 = 5*u + 20, 2*k - 5*u - 42 + 6 = d. Let g(m) = 4*m - 3*m + 4 + 19 - k. Give g(-8).
7
Let n = -270 - -273. Let t(u) = -7 - 12*u**3 + 13*u**n + 7*u + 3*u**2 - 14*u. What is t(-5)?
-22
Suppose 2*v - 65 = -4*q + 205, 5*v = 4*q - 249. Suppose q*y = 25*y. Let c(z) = -z**2 + z + 1. What is c(y)?
1
Let z(d) = d**3 - 20*d**2 - 7*d + 140. Let m be z(20). Let a(n) = n**2 + 2*n - 9. Calculate a(m).
-9
Let i(y) be the second derivative of y**4/4 - 19*y**3/3 + 7*y**2/2 + 2565*y. Determine i(12).
-17
Let x be (4 + 31 + -1)/1. Suppose -31*s + x*s = 0. Let h(m) = -m**2 - m - 9. Determine h(s).
-9
Suppose -3*v - 5 = 2*g, -5*g - 2*v + 3 = -1. Let x(k) = -14838 + 0*k**2 - k**3 - 6*k**2 + 7418 + 7419 + 3*k + 8*k**2. Determine x(g).
5
Let f(d) be the first derivative of -d**3/3 - 15*d**2/2 - 27*d - 1. Suppose -5*p - 318 = -3*a - 384, -a + p = 18. Give f(a).
9
Suppose -3*g + 71*a = 66*a - 4, 3*a = 4*g - 9. Let p(i) = 11*i - 25. Give p(g).
8
Let f(o) = o**3 + 6*o**2 - 8*o - 5. Let b be f(-7). Let r(a) be the first derivative of -5*a**3/3 - 3*a**2/2 + a + 110899. Calculate r(b).
-25
Let y(g) = -2*g**2 + 76*g - 9. Let s(w) = -2*w**2 + 74*w - 24. Let j(z) = -4*s(z) + 3*y(z). Determine j(33).
3
Let p(v) = -v**2 + 7*v - 5. Let n = -3 + 9. Suppose -n*r + 161 - 119 = 0. What is p(r)?
-5
Suppose 30 = 3*l + 3*v, 3*l - l + v - 21 = 0. Let b(d) = -d**2 - 6 + d + d - l*d - d. What is b(-9)?
3
Let g(k) = 2*k**2 - 9*k - 4. Suppose 0 = -5*n - 4*u - 5, -47*n + 2*u = -52*n - 15. Determine g(n).
91
Let q be (-4)/(-6) + -2 + (-180)/27. Let d(t) = -t**2 - 4*t + 3. Determine d(q).
-29
Let u(n) = 7*n**3 - 4*n**2 + 5*n - 4. Let g(k) = k**2 + 96*k + 2137. Let h be g(-35). Calculate u(h).
46
Let c(a) be the third derivative of a**8/4032 - a**7/5040 - a**6/720 + 14*a**5/15 + 2*a**2 + 11*a. Let i(v) be the third derivative of c(v). Calculate i(-1).
5
Let x = 1 - -1. Let b = -746 + 961. Let t(p) = -212*p - 213*p + p**2 - b*p + 643*p - 1. What is t(x)?
9
Let w(o) = 197*o - 794. Suppose -3*u = 176*q - 160*q + 52, -4*q = -3*u + 28. Calculate w(u).
-6
Let c = 194 - 191. Let t(r) = -19 + 23 + 2*r - c*r. Determine t(11).
-7
Let x(w) = -1050*w + 5253. Let t be x(5). Let d be (-1 - -2)*12/2. Let z(k) = -t*k**2 + 2*k**2 + 8 + 3*k - k**3 - 2 + d*k**2. Determine z(6).
-12
Suppose -w + 5*o = -0*w + 30, 5*w - 2*o = -127. Let j be -1 + 5*(-20)/w. Let v(q) = -48*q + q**3 + 40*q + 2 + 7*q**2 + 0*q**j. Determine v(-8).
2
Let c(l) = -19*l - 22*l + 85*l - 18*l - 37 - 29*l. Determine c(28).
-121
Let l = -229 + 237. Let n(f) = -2*f**3 + 16*f**2 + f + 1. Give n(l).
9
Let q(w) = -w**2 - 10*w - 11. Let j be q(-10). Let p = j - -10. Let u(i) be the third derivative of i**4/8 - i**3/6 + 4*i**2 - 54. Calculate u(p).
-4
Let q(m) = m - m - 2*m + m. Let g be q(5). Let j(p) = -32 + 11 + 1 + p + 13 + 13. What is j(g)?
1
Let j(c) = -c**2 - 6*c + 9. Let f be 3/(-2)*1000/(-360)*18/(-15). Determine j(f).
14
Let p(g) be the second derivative of g**3 - 62*g**2 - 552*g + 2. Calculate p(19).
-10
Let m be (-18)/((-15)/(-5)) + 8. Let x(n) = -3*n**2 - 260 + 259 - 2*n**3 + m*n**2 - n + 7*n**3. Determine x(2).
33
Let b be 119/21 - 1/(-3). Let m(x) = -5720*x + 1903*x + 2 + 1907*x + 1908*x. Give m(b).
-10
Suppose 2*p + 18 = -5*t + p, 3*p + 9 = 0. Let w be (-64)/(-6) - t/(-9)*-1. Let d(y) = -y**2 + 10*y - 12. Calculate d(w).
-23
Let l(x) = -66*x + 121*x + 88 - 24 - 73*x. Calculate l(6).
-44
Let y(g) be the third derivative of g**4/4 - 5*g**3/6 - 14590*g**2. Suppose -k = 2*w + 4, k - 4*w - 2 = 4*k. What is y(k)?
31
Let r(y) = y**2 - y + 5. Let w be 25/((-2250)/(-216)) + (-3)/(-5). Suppose -s + 4*s = 12. Suppose s*i = -w + 3. Determine r(i).
5
Let d = 26 - 33. Suppose -5*x = 10*x - 90. Let f(t) = -x - 7*t - 6 - t**2 + 17. Give f(d).
5
Let a = -3 + -1. Let m(f) = -7*f**3 - 26*f**2 - f - 24. Let d(n) = -8*n**3 - 30*n**2 - n - 29. Let o(v) = -5*d(v) + 6*m(v). Give o(a).
37
Suppose 5*k - 4*h = 25, -6*k - h + 115 = 85. Let v(j) be the first derivative of -j**4/4 + 2*j**3 - 3*j**2 - 6*j - 1. What is v(k)?
-11
Suppose 7 = -2*k + f,